.
2
Let s(h) = 2*h. Let q be s(1). Suppose -48 = -q*y + 12. List the prime factors of y.
2, 3, 5
Let a(v) = v**3 - 3*v**2 - 3*v - 3. What are the prime factors of a(5)?
2
Suppose -7*x - 12 = -3*x. Let i = x + 7. List the prime factors of i.
2
Let d(m) = 3*m - 1. What are the prime factors of d(7)?
2, 5
Let r be 12/5 + 4/(-10). Suppose 0 = 4*h - 23 + 3. Let y = r + h. List the prime factors of y.
7
Let x(d) = 4 - 7*d - 3*d**2 + 1 + 3*d**2 - d**2. Let i be x(-7). Suppose -r - 88 = -i*o + 2*r, -5*r = 5. What are the prime factors of o?
17
Suppose -2*r + 4*x + 4 = 0, -3*r + 0*r + 3*x + 6 = 0. Let d(v) = 3*v**2 - 2*v + 1. Let s be d(r). Suppose 0 = -3*n - 0*n + s. List the prime factors of n.
3
Let j(t) = -t**2 - 2*t + 3. Let q be j(2). Let z(s) = -s**2 - 7*s - 4. Let w be z(q). What are the prime factors of 4/w + 132/18?
2
Let n = 5 - 11. Let m = 15 + n. List the prime factors of m.
3
Let h(k) = k**2 + 5*k - 40. What are the prime factors of h(-20)?
2, 5, 13
Suppose -4*s - 5*m + 180 = -2*m, -12 = -3*m. Suppose -4*g = -6 + s. Let k = 7 - g. What are the prime factors of k?
2
Let a = -41 + 134. What are the prime factors of a?
3, 31
Let n be (2/3)/(6/54). What are the prime factors of (-4)/((-8)/n) - -5?
2
Let w(j) = -j**2 + 8*j - 7. Let c be w(6). Suppose -2*l + 26 = c*h + 2*l, 4*h - 2*l = 0. Suppose 3*m - 7 - h = 0. What are the prime factors of m?
3
Let i = -215 - -361. List the prime factors of i.
2, 73
What are the prime factors of ((-51)/(-5))/(1/5)?
3, 17
Suppose 4*j = 4*n + 164, -j + n + 3*n = -47. What are the prime factors of j?
3, 13
Let z = -56 + 81. List the prime factors of z.
5
Let b(y) = y + 4. Let f be b(6). Let a(u) = -4*u - 1. Let m be a(-1). Suppose -m*x + f = -x. List the prime factors of x.
5
Let h(v) = -32*v + 3. List the prime factors of h(-3).
3, 11
Suppose 5*s - 22 = -d, 2 = d + s - 0*s. Let m(j) = -3*j + 3. Let c be m(d). What are the prime factors of 4/(c/39) + 1?
2, 7
Let n(z) = 5*z**2 - z - 1. Let y be 15/(-20) + (-1)/4. What are the prime factors of n(y)?
5
What are the prime factors of 266/7*(1 + 0)?
2, 19
Suppose 0 = 2*p + 3*w - 19, -2 = -p + 4*w + 2. List the prime factors of 1/p + 885/24.
37
Suppose 3*t = 7 + 2. Suppose t - 7 = -4*c. Let v(g) = 6*g**3 + 2*g - 1. What are the prime factors of v(c)?
7
Let g(x) = -30*x. Let q be g(-3). Suppose -2*c + q = c. Suppose 5*f = c - 5. What are the prime factors of f?
5
Suppose -4*y + 1032 = 8*y. List the prime factors of y.
2, 43
Let a(f) = f**2 - 3*f - 15. What are the prime factors of a(8)?
5
Let g = 30 + -8. Suppose 2*w - 4*r = g, -w + r + 23 = -4*r. Suppose -t = w - 6. List the prime factors of t.
3
Let n(x) = x**3 - 5*x**2 + 2*x - 7. Let c be n(5). Suppose -15 = 5*q, c*o + 3*q - 3 = -o. Let a = o - -1. What are the prime factors of a?
2
Suppose -20 = -2*k + 56. List the prime factors of k.
2, 19
Suppose -5*t + 15 = 0, 0*i = i - 3*t + 16. Let v(n) = -n - 1. Let w be v(i). List the prime factors of (-1 - 14)/((-9)/w).
2, 5
Let f be (7 + 0)/((-1)/2). Let x = 12 - f. What are the prime factors of x?
2, 13
Let j = 43 - -38. What are the prime factors of j?
3
Suppose -r - 4*o = -0*r + 5, 3*o = -2*r. Suppose r*p = 4*u + p + 62, 2*u - 3*p = -25. Let y = -7 - u. List the prime factors of y.
2, 5
Let y be 2*(3 + (-16)/4). List the prime factors of (-246)/(-9) - y/(-6).
3
Let m(w) = -w**2 + 2*w + 3. Let c(h) = 4*h. Let n be c(1). Let t be m(n). Let j = 11 - t. What are the prime factors of j?
2
Let w = 179 - 123. List the prime factors of w.
2, 7
Suppose 4*v + 5*f - 139 = 0, 0*v + 5*f - 31 = -v. List the prime factors of v.
2, 3
Let r(g) = 2*g - 7. Let s be r(6). Suppose -8 = -s*l + 7. Suppose -30 = -l*q + 5*y, -2*y - 11 + 77 = 4*q. What are the prime factors of q?
3, 5
Suppose 4*f - 33 = 2*n + 5*f, 4*f = 2*n + 48. Let g = -11 - n. What are the prime factors of g?
7
Suppose p - 35 + 11 = 0. Suppose -4*o + p = 4*u - o, u + 4*o - 6 = 0. What are the prime factors of u?
2, 3
Let f be 34 + (2 - (-6)/(-2)). Suppose -3*b + 48 + f = 0. What are the prime factors of b?
3
Let d = 1 + -1. Suppose 2*h - 18 + 4 = d. What are the prime factors of h?
7
Suppose 9 = -3*m, 3*x - m = -2*m + 33. What are the prime factors of (x - 6)/(6/8)?
2
Let s = 4 + 1. Suppose -n + s*n - 64 = 0. Suppose -n = -b - 3*b. List the prime factors of b.
2
Suppose 193 = 2*f + 4*s - 127, 2*f - 290 = 2*s. List the prime factors of f.
2, 3, 5
Suppose 2*i = -0*i. Suppose i = -2*p, -4*d - d - 4*p + 30 = 0. Let j = d - 4. List the prime factors of j.
2
Suppose 4*x - 1072 = 3*y - 2*y, -x + 251 = 4*y. What are the prime factors of x?
3, 89
Let o(x) = x + 3. Let s(v) be the first derivative of -v**4/4 + v**2 + 3*v - 3. Let c be s(-2). What are the prime factors of o(c)?
2, 5
Suppose 0 = -3*u - 2*u + 125. What are the prime factors of u?
5
Let k be 1/4 + 35/(-28). List the prime factors of k*4*(-18)/4.
2, 3
Let j(r) = r**2 - 5*r - 13. What are the prime factors of j(9)?
23
Suppose -14 = 2*w + 32. Let b = -3 - w. List the prime factors of b.
2, 5
Suppose 3*x = -x + 8. Let s(k) = 4*k - 8. Let h(n) = -n**2 + 4*n - 7. Let y(i) = -5*h(i) + 4*s(i). List the prime factors of y(x).
3, 5
Let w = -4 + 14. Let j = w - 5. Suppose 4*o - 2*p - 34 = -0*o, 4*o - j*p = 49. What are the prime factors of o?
2, 3
Let q = 46 - 13. Suppose p - 5*i = -0*i + q, 2 = i. What are the prime factors of p?
43
Suppose 4*s - 4*j - 24 = 0, 4*j = 2*s - 0*j - 8. Let u be (-2)/(-4) - 27/6. Let i = u + s. List the prime factors of i.
2
Let z(y) = -y**3 - 4*y**2 - y - 4. Let b be z(-2). What are the prime factors of 39/(-13)*b/6?
5
Let s(n) = 10*n**2 + n - 2. What are the prime factors of s(3)?
7, 13
Let f(g) = 6*g. Let n = 1 + 1. List the prime factors of f(n).
2, 3
Let x = 15 + -17. Let o = x + 7. List the prime factors of o.
5
Let t = 7 - 4. Suppose o + 6 = t*o. What are the prime factors of o?
3
Let b = 6 - 3. Suppose 2*w + 35 = 3*a, -b*w - w = -2*a + 26. What are the prime factors of 2/a - 159/(-33)?
5
Let m = -106 + 183. List the prime factors of m.
7, 11
Let s = -6 - -6. Suppose -4*c + 61 + 39 = s. Suppose -2*g - 3*g + c = 0. List the prime factors of g.
5
Suppose 0 = -4*p + 6*k - 2*k + 92, 4*p - 113 = -3*k. What are the prime factors of p?
2, 13
Let q be 3 + 2/((-6)/(-45)). Suppose -b = -0*b - q. List the prime factors of b.
2, 3
Let o = 5 + -3. Let r = o + -3. Let p = 12 + r. What are the prime factors of p?
11
Suppose 4*i = -2 - 6. Let s(o) = o**2 + 4*o + 8. Let h be s(10). What are the prime factors of i/8 + h/16?
3
Suppose -2*w + 22 = 2*n, 4*n - 50 = w - 6. Let c = 33 - n. Let o = 33 - c. What are the prime factors of o?
11
Let o be ((-18)/(-4))/(3/4). Let k be (-3)/(-2)*76/o. Let m = k + -10. What are the prime factors of m?
3
Suppose -2*n + 113 = 3*q, 0*q + 2*q - 288 = -5*n. What are the prime factors of n?
2, 29
Suppose g = -g. Suppose 92 = 4*x - g*x. List the prime factors of x.
23
Suppose 5*v - 3*v + 16 = 5*r, -2*r - 2 = -5*v. Suppose v*g - 20 = -3*g. Suppose -52 = -g*a - b, 0*a - 5*b - 52 = -4*a. List the prime factors of a.
13
Let p(k) = 11 - k + k**2 + 0*k - 4*k - 4*k. Let z(y) = -y**2 - 8*y + 9. Let j be z(-8). What are the prime factors of p(j)?
11
Suppose 0 = -j + 5 - 2. Let o = 0 + j. List the prime factors of o.
3
Suppose -n + 60 = 3*n. Suppose -32 = 2*y - w, 4*w + n + 1 = 0. Let f = 32 + y. List the prime factors of f.
2, 7
Suppose 17 = -2*h + 93. Suppose 4*i - 53 = -d, -5*i + d + 0*d = -64. Suppose 0 = -5*c + h - i. List the prime factors of c.
5
Suppose -s = -51 - 4. List the prime factors of s.
5, 11
Let c(k) be the third derivative of -k**4/24 + 13*k**3/3 - 2*k**2. What are the prime factors of c(13)?
13
Let q(m) = m**2 - 5*m - 9. Let y be q(7). Let u(k) be the third derivative of k**5/60 - k**4/8 + 5*k**3/6 + 3*k**2. What are the prime factors of u(y)?
3, 5
Let b(y) = 3*y - 3. Let j be b(7). Suppose 15 = 3*u + 6. Suppose l - 3*q - 6 = 0, -2*l + j = -l + u*q. What are the prime factors of l?
2, 3
Suppose 0 = -4*d + 3*d - 2*w - 3, -12 = -4*d - 2*w. What are the prime factors of d?
5
Let q be 2*2/4 + -3. Let d = q - -13. What are the prime factors of d?
11
Suppose p + 534 = 5*m, p + 110 = m + 4*p. What are the prime factors of m?
107
List the prime factors of (1/(-1))/((-4)/56).
2, 7
Let y be (-47)/(-9) + (-8)/36. Suppose l + 12 = -y*